+ 8 = 0, -4*q - 12 = -3*x + x. Suppose -105 = -5*c + x*c + 3*f, -172 = -5*c + 4*f. Calculate the highest common factor of 8 and c.
8
Let y(r) = r**3 + r**2 + 5. Let q be y(0). Let u(n) be the first derivative of 2*n**2 - 4*n - 6. Let i be u(6). Calculate the highest common divisor of q and i.
5
Suppose 2 = d - 3. Suppose -3*l = -d - 4. Calculate the greatest common divisor of 15 and l.
3
Let v(f) = 16*f**2 + 7*f - 1. Let h be v(-5). Let i = -218 + h. Suppose 28 = n - k, -5*n + 0*k + i = -2*k. What is the greatest common factor of 10 and n?
10
Let a = 8 - 3. Suppose a*n = m - 26, 4*m = -m - 2*n + 130. Suppose -5*w + 85 + 236 = -4*h, -134 = -2*w - 4*h. What is the greatest common divisor of m and w?
13
Let m = 15 + -14. Let b = 13 - m. What is the highest common factor of b and 6?
6
Let j be (-322)/(-6) - (4/(-12) - 0). Calculate the highest common divisor of 6 and j.
6
Suppose 0 = 3*h + 2*h - 25. What is the greatest common factor of 45 and h?
5
Let h(n) = 6*n**3 + 2*n**2 + 3*n - 5. Let u be h(4). Suppose 0 = 5*b + 3*i - 2*i - u, b = 2*i + 78. Calculate the highest common factor of 12 and b.
12
Let x be (-1 + 4 - -28) + 3. What is the greatest common divisor of x and 68?
34
Let o(s) = -s**3 + 2*s**2 + 1. Let y be o(-2). What is the highest common factor of 34 and y?
17
Let j(r) = -2*r + 6. Suppose -4*l - 12 = 36. Let x be j(l). Calculate the greatest common factor of x and 120.
30
Let d = 56 - 38. Let y(b) = -b**3 - 2*b**2 + 5*b + 3. Let g be y(-3). Let m be ((-9)/(-1))/(g/(-4)). What is the highest common factor of m and d?
6
Let y(a) = -9*a**3 - 4*a**2 - 4*a + 1. Let w(j) = -j**3 - j**2 - j. Let u(m) = 6*w(m) - y(m). Let d be u(3). What is the highest common divisor of d and 7?
7
Let j = 51 + 0. Calculate the highest common divisor of j and 153.
51
Let z(x) = 8*x - 3. Let a be z(5). Suppose 0 = 2*c - 3*c - 5*s - 22, -5*s = -4*c + a. Calculate the greatest common factor of c and 15.
3
Suppose -202*s + 207*s - 585 = 0. Let v(a) = -a**3 - 3*a**2 + a + 1. Let z = -2 - 2. Let r be v(z). What is the greatest common divisor of s and r?
13
Let x(a) = 13*a**2 + 2*a - 3. Let k be x(3). Calculate the highest common divisor of 15 and k.
15
Suppose 5*n = 6*n - 18. What is the highest common factor of 9 and n?
9
Let n be 1*1*(0 - -91). Let u(z) = -z + 23. Let o be u(10). What is the greatest common factor of o and n?
13
Let b be 2/(-10) + (-151)/(-5). Suppose 3*a + 9 - b = 0. Calculate the highest common divisor of a and 7.
7
Let m(y) = -y**2 + 5*y - 11. Let h be m(8). Let z = 59 + h. Calculate the highest common factor of 8 and z.
8
Let f be (1 + 4)*1/(25/195). What is the highest common factor of 39 and f?
39
Suppose 2*u = 6*u - 240. Suppose u - 15 = 5*o. Calculate the highest common divisor of 81 and o.
9
Suppose 0 = 2*n - 0*n - 110. Suppose r + 0*x - n = 2*x, -r = 5*x - 20. What is the greatest common divisor of 18 and r?
9
Suppose 0 = -9*g + 14*g - 20. Calculate the greatest common factor of g and 4.
4
Let g = -12 + 11. Let p be (-1 - g) + 53 + -9. Suppose o = -4*l + 15, -4*o = -5*l - 12 - 27. What is the greatest common divisor of o and p?
11
Let i(h) = -h + 41. Let s be i(20). Calculate the highest common factor of 3 and s.
3
Suppose q = 2*l + 3*q - 36, 5*l - q - 108 = 0. Let r(p) = -p + 8. Let a be r(-6). Suppose 4*h + a = 5*h. What is the highest common divisor of l and h?
7
Let p = -5 - -14. Suppose t + 11 = j, 2*j - 59 + p = -5*t. Let k = -5 + j. Calculate the greatest common divisor of k and 50.
10
Suppose 4*q = 5*m - 267, -q + 6*q - 175 = -3*m. Calculate the highest common divisor of m and 11.
11
Let n(p) = p**2 - 6*p + 11. Let b be n(6). Calculate the highest common divisor of 55 and b.
11
Suppose 2*f = -2*f + 12. What is the highest common factor of 15 and f?
3
Suppose -41 = -4*u - 5. Let d = 7 + -4. Calculate the highest common divisor of u and d.
3
Let t = 0 + 11. Suppose 2*n - 5*b - 3 = -2*n, -t = -5*n - b. Calculate the highest common factor of 2 and n.
2
Let i = -15 - -26. Let h(r) = -r + 3*r - r + 1. Let v be h(0). What is the greatest common divisor of v and i?
1
Let c = -13 - -40. Calculate the greatest common divisor of 54 and c.
27
Let u be (-10 - -14) + (1 - 2). Suppose 2 - 3 = -3*q + 4*n, u*q + 3*n = 15. Calculate the highest common factor of q and 3.
3
Suppose -4*t = 5*h - 23, 0 = 4*h - t + 5 - 15. Suppose -4*d + 76 = -4*w, -3*d + 4*d - h*w - 25 = 0. What is the greatest common factor of d and 176?
16
Suppose -305 = -4*u + 47. Calculate the highest common factor of u and 8.
8
Suppose -5 - 1 = -3*d. Suppose -3*z - 4*k + 87 = 0, -3*k + d*k = -z + 22. What is the highest common factor of z and 5?
5
Suppose -4*w - 46 = -5*x, -x + w + 2 = -8. Suppose 5 = 3*j - 4. Calculate the highest common factor of x and j.
3
Let d = 22 + -15. Let c be -1*(-4)/3*3. Suppose 2*v - 13 - 43 = c*u, 3*u + 112 = 4*v. Calculate the highest common factor of v and d.
7
Let k = 4 - -1. Calculate the highest common factor of 25 and k.
5
Let c be (1 - 4) + 36/4. What is the greatest common divisor of c and 4?
2
Let c(y) = -y**2 + 3*y + 4*y**2 + 4 + y**2. Let i be 154/33 - (-2 + (-16)/(-6)). Let z be c(i). What is the highest common divisor of z and 10?
10
Let o = 11 - 7. Let m = 11 - -17. Calculate the highest common divisor of o and m.
4
Suppose 111 = 9*t - 33. Calculate the greatest common divisor of 144 and t.
16
Let f = -59 + 109. Let a be -4 + 3 - -1*81. Suppose 0*w = 4*w - a. What is the greatest common divisor of f and w?
10
Let x = -4 - -2. Let c(g) = -g**2 + 6*g + 3. Let z be c(7). Let t = x - z. Calculate the greatest common factor of t and 3.
1
Suppose -2*k + 4 = -4. Suppose 3*m = -3*g + 3, m + k*g + 26 = 2*m. What is the highest common divisor of m and 42?
6
Let r(y) = 7*y - 7. Let m be r(5). Let p = -138 - -250. What is the highest common divisor of m and p?
28
Suppose 5*f - 12 = 3*f. Let a be -3*4/6 + 5. Suppose -c = c + f, -a*j + 5*c = -60. Calculate the highest common factor of j and 60.
15
Suppose 0*j = -2*j + 6. Let c be ((-23)/j)/((-2)/12). Suppose d - 69 = -0*d. Calculate the highest common factor of c and d.
23
Let b(h) = 4*h**2 - 2*h - 2. Let q be b(2). Calculate the highest common divisor of 2 and q.
2
Suppose 4*n = 2*x + n, -3*x + 3*n + 6 = 0. Let c be (-59)/(-2) - (-1)/2. Calculate the greatest common factor of c and x.
6
Suppose -3*m + 12 = 0, 0*b + 4*m = b + 7. Calculate the greatest common factor of 27 and b.
9
Suppose 5*m + 0*m = 110. Calculate the greatest common factor of m and 2.
2
Let b(c) = 2*c + 2 - 2 + 10. Let r be b(7). Calculate the greatest common divisor of r and 192.
24
Let k be 6/8 + 202/8. Calculate the highest common divisor of k and 13.
13
Suppose 0*q - 72 = -2*q. Calculate the greatest common factor of 6 and q.
6
Let i(c) = -c**2 - 8*c - 4. Let l be i(-3). Let m be 4/(-18) + (-16)/(-72). Let p be m - (1 - (23 + 0)). Calculate the highest common divisor of p and l.
11
Let z be -1 - -118 - -1*2. Let k be 17 - (-4 + (0 - -4)). What is the highest common divisor of k and z?
17
Let d be ((-12)/(-42))/(1/7). Suppose -d*n + 50 = 8. Calculate the greatest common factor of n and 84.
21
Let g be 3 + -3 + (1 - -48). Let l be 4424/g - 2/7. Calculate the highest common divisor of l and 10.
10
Let v(y) = y**3 + 7*y**2 - 44*y + 8. Let j be v(-11). What is the greatest common factor of j and 2?
2
Let s = 65 - 194. Let n be (s - -1)*1/(-2). What is the highest common factor of n and 8?
8
Let v(z) = -z**2 - 12*z - 18. Let d be v(-7). Calculate the greatest common divisor of 34 and d.
17
Suppose -80 = -7*w + 2*w + 5*b, 5*w - 70 = -5*b. Let k(d) = 6*d**2 + 5*d + 10. Let t be k(-5). What is the greatest common factor of w and t?
15
Let l(j) = -4*j + 20. Let f be l(-10). Let p be 29 + -1 + 3 + 1. Suppose g + p = 3*s, 0 = s - 0*s + g - 16. Calculate the highest common divisor of s and f.
12
Suppose 195 = -2*r + 3*r. Calculate the greatest common divisor of 15 and r.
15
Let k be ((-4)/8)/((-1)/374). Calculate the highest common divisor of 17 and k.
17
Let f = -2 + 7. Suppose -9 = -f*t + 6. Suppose 4*y - 5 = t. What is the highest common divisor of y and 10?
2
Suppose -2*w = 3*w - 1305. Suppose -10*a = -76 - 214. Calculate the highest common divisor of a and w.
29
Suppose 2*a - 2 = 2*n + 2, 0 = -5*a + n + 10. Calculate the greatest co